 31
Let z(k) = k**3 - 7*k**2 + 4*k + 10. Let a be z(6). Let x be (1/a)/((-8)/80). Suppose -x*y - 141 = -8*y. What are the prime factors of y?
47
List the prime factors of 4*(-3)/15 - (-11912)/40.
3, 11
Let m(n) = 2*n**2 - 4*n + 4. Let r be m(4). Suppose -2*p - r = -6*p. Suppose 0 = -y - p*k + 46, 8 = 3*k + k. What are the prime factors of y?
2, 3
Let t(v) = -1 - 2*v**2 - 2*v - v**2 + 4*v**2. Let k = 24 + -19. List the prime factors of t(k).
2, 7
Suppose -2*u - 36 = -44. Suppose 3*j - u*m = 156, -2*m = -j + 73 - 21. What are the prime factors of j?
2, 13
Let c be 6 - (-1)/5*-5. Suppose 0 = -k + 2*q + 12 - 2, -6 = 2*q. Suppose 4*z = -5*g + 149, k*z + 115 = -2*g + c*g. What are the prime factors of g?
3, 11
Suppose -y + 5*u - 10 = 4*y, y + 2*u = 4. Suppose -2834 = -y*z - 13*z. What are the prime factors of z?
2, 109
Let l be 0 + 3 + 0/6. Suppose w - 81 = -l*z, 5*z + 602 - 210 = 4*w. What are the prime factors of w?
3, 31
List the prime factors of 5 - 85/(-10)*20.
5, 7
Let g = 19 + -20. Let v be (0/(-3 + 4))/g. Suppose 0 = -3*f - a + 162, v*a + 2*a = 0. What are the prime factors of f?
2, 3
List the prime factors of 1 - 316*(6 + -8).
3, 211
Suppose 2*w + 2*k + 6 = w, -3*w - 6 = 3*k. Let p be (-35)/(-14) + 1/w. Suppose -2*z - z - 4*i + 46 = 0, p*z - 2*i - 22 = 0. What are the prime factors of z?
2, 5
Suppose w = b - 35, -3 = -b + 2*b. Let a be (w - 2)/(7/(-14)). Suppose 0 = 5*d - d - a. What are the prime factors of d?
2, 5
Suppose 2926 = p + 10*p. What are the prime factors of p?
2, 7, 19
Let x(i) = i**2 - 4*i - 7. Let c be x(8). Suppose -2*n + c + 35 = 0. What are the prime factors of n?
2, 3, 5
Let w(c) = -c + 12. Let o(m) = -8*m - 1. Let v be o(-5). Suppose 0 = u - 4*u - v. What are the prime factors of w(u)?
5
Let l be 1/(-2) + 90/20. Let b(s) = 2*s**2 - 5 + l + 0 + 7*s. What are the prime factors of b(-6)?
29
Suppose 12*t - 13*t + 1210 = 0. List the prime factors of (-2)/8 - (-3 - t/8).
2, 7, 11
Let d = -34 + 21. Let a be (d/5 + 1)*5. Let p = 21 + a. List the prime factors of p.
13
Let q be (-63)/3*1/3. Let z = q - -13. What are the prime factors of (-5 + z)/(2/12)?
2, 3
What are the prime factors of (2392/(-20) + -6)*-15?
2, 3, 157
Let w = 1 + 13. Let c be (147/w)/(2/4). Suppose -10 = -t + c. What are the prime factors of t?
31
Let g = 16 + -18. What are the prime factors of (g/(-6))/(11/1485)?
3, 5
Let d(s) = s**2 - s - 2. Let m be d(-2). Let j(f) = f**2 + 4*f - 13. What are the prime factors of j(m)?
19
Suppose 0 = 78*w - 41190 - 74952. List the prime factors of w.
1489
Let f = 64 - 60. Suppose -2*y - f*u + 53 + 41 = 0, 5 = -5*u. What are the prime factors of y?
7
Let w(m) = -m**3 - 16*m**2 - 4*m - 24. Suppose 3*x = 5*y - 63, -2*y + 57 = -3*x + y. List the prime factors of w(x).
2, 5
Suppose -15*y = 1511 - 8486. What are the prime factors of y?
3, 5, 31
Let b(y) = -y**2 - y + 15. Let g(t) = t. Let q(j) = -b(j) + 2*g(j). List the prime factors of q(-8).
5
Suppose 2*s - 415 - 119 = 0. Let d = -177 + s. What are the prime factors of d?
2, 3, 5
Suppose 3*k + 5*z = 10311, -4*z = 53*k - 56*k + 10338. What are the prime factors of k?
2, 1721
Let c(p) = -2 + 7*p + p + p**2 + 2. Let w be c(-11). Suppose -l + 4*l - w = 0. List the prime factors of l.
11
Let h be 35 + (4 - (1 + 4)). Let q = 48 - h. List the prime factors of q.
2, 7
Let k(d) = -3*d**3 - 6*d**2 - 4*d + 104. Let t(n) = 5*n**3 + 11*n**2 + 7*n - 208. Let q(v) = -7*k(v) - 4*t(v). What are the prime factors of q(0)?
2, 13
Suppose -4*i - 58 = -2*b, 2*i - 2*b - 26 = 4*i. Let l = -14 - i. Suppose l = -2*a - 0*a + 94. What are the prime factors of a?
47
Let w(d) be the first derivative of 15*d**2/2 + 5*d - 5. Let v be w(4). List the prime factors of (4 + v)*(-1)/(-3).
23
Let t(c) be the third derivative of c**5/30 - 7*c**4/24 + c**3/6 + 2*c**2. Let r = -50 - -56. What are the prime factors of t(r)?
31
Let c = 23 + -33. What are the prime factors of (-4 - c)*190/15?
2, 19
Suppose -18268 = -13*q + 3767. List the prime factors of q.
3, 5, 113
Let y(f) = -f**3 + 14*f**2 + f - 3. Let r be y(14). Let n(a) = 9 + 4*a + 0*a - 9*a + r*a. List the prime factors of n(4).
3, 11
Let d = -373 - -525. What are the prime factors of (-21)/(-14)*d/3?
2, 19
Let n(r) = r + 10. Let x be n(-5). Suppose 0 = 2*p - x*q - 21, -4*q - 30 = 4*p + p. What are the prime factors of (2 - p)*732/48?
61
Let b = -1743 + 2867. What are the prime factors of b?
2, 281
Let y(c) = c**3 + 7*c**2 - 8. Let k be y(-6). Suppose -z = 2, 38 = 5*v - 3*z - 73. Let d = k - v. What are the prime factors of d?
7
What are the prime factors of -474*(-3 + 7 + (-160)/15)?
2, 5, 79
Let n = -6 + 10. Suppose -q = -n, 8*q - 3*q = 2*x + 14. Suppose x*c + 4 = 4*c. What are the prime factors of c?
2
Suppose 3*u + 3*i - 561 = 0, 8*i = 4*u + 3*i - 721. Let h = -130 + u. Suppose v = 5*m + 41, 2*m = -2*v - 2*v + h. What are the prime factors of v?
2
Let i be ((-6)/(-9))/((-2)/(-21)). Let o(b) = 3 - b - i + 5. What are the prime factors of o(-10)?
11
Let i(v) = -120*v - 191. List the prime factors of i(-9).
7, 127
Let f = -49 - -51. Suppose 0 = 2*l + f, 7*y - 232 = 3*y + 4*l. List the prime factors of y.
3, 19
Suppose -25*r + 185 = -20*r. Let l = 5 + 9. Let d = l + r. List the prime factors of d.
3, 17
Let b be (-5)/((-5)/(-2)) + -7. Let l = b + 12. Suppose 3*x + l*f - 63 = 0, -4*x + 2*f + 84 = f. What are the prime factors of x?
3, 7
Suppose -4*n + 2*t = 90, -33 = 5*n + 2*t + 75. Suppose 3*s + 105 = i, 2*i = 4*s + i + 141. Let w = n - s. What are the prime factors of w?
2, 7
Let h = -548 - -742. What are the prime factors of h?
2, 97
Let t = -2089 - -3876. What are the prime factors of t?
1787
Let t = -7 + 34. What are the prime factors of (-10)/15*t/(-6)?
3
Let k be -3*(-39)/9*1. Let l be (-26)/169 - (-28)/k. Suppose f + 3 = 0, 3*f + 19 = -l*s + 102. What are the prime factors of s?
2, 23
Let v be 6/(-9) + (5 - 2094/18). List the prime factors of 2/(2 - v/(-57)).
3, 19
Let s(c) = 3*c**2 - 10*c + 9. Let l be s(7). Suppose 0 = 4*a - 3*a - l. List the prime factors of a.
2, 43
Suppose -4*y = 14 - 22. Suppose 0 = -y*g + 11 + 9. Suppose g*r = 7*r + 117. What are the prime factors of r?
3, 13
Let t(q) = 9*q - 21. Let c(p) = -5*p + 11. Let r(d) = 11*c(d) + 6*t(d). Let k be r(-3). What are the prime factors of -2*(-1 - k - 2)?
2
Let z(j) = 7*j - 2. Let d be z(7). Let q = 5 + d. What are the prime factors of q?
2, 13
Let d = 136 + 78. List the prime factors of d.
2, 107
List the prime factors of 22878/45 - 8/20.
2, 127
Let q(a) be the second derivative of a**3/6 - 7*a**2 + 3*a. Let i be q(11). List the prime factors of 332/8 + i/(-6).
2, 3, 7
Suppose 3*y + 0 = 6. Suppose -y*f = -f - 37. What are the prime factors of f?
37
Suppose -q + 5*v = -304 + 64, 0 = -2*v - 4. List the prime factors of q.
2, 5, 23
Suppose -369 = 3*x - 1611. What are the prime factors of x?
2, 3, 23
Suppose 0 = f + 3*o - 1667, -11*f + 3*o = -10*f - 1667. List the prime factors of f.
1667
Suppose 7*z + 2*z = 24831. What are the prime factors of z?
31, 89
Let y = 844 - 485. Suppose -16*t + 905 = -y. List the prime factors of t.
79
Let u(z) = z**3 + 12*z**2 - z + 11. Suppose -3*t = -g - 2*g - 57, -t - 5*g = -7. Let n = t + -29. What are the prime factors of u(n)?
23
Suppose 4*l + 257 = 3*j, -2*l + 40 = -2*j + 208. Suppose 0 = q - 0*q + x - j, -3*x - 351 = -4*q. List the prime factors of q.
2, 3, 7
Let k be (-159)/(-6) + (-10)/4. Let h(z) = k*z - 10*z - 6*z - 4. What are the prime factors of h(7)?
2, 13
Suppose -10*n + 58 = 8. What are the prime factors of 5634/42 - n/35?
2, 67
Let z = 0 - -15. Let v(o) = -8 + z - 12 - 27*o. List the prime factors of v(-2).
7
Suppose -z + 232 = -4*d, 11*d - 6*d = 3*z - 283. Suppose -i - i - 188 = 0. Let n = d - i. List the prime factors of n.
5, 7
Let b = -23 + 59. Let x = b - -50. What are the prime factors of x?
2, 43
Let d be 9 + 3 + (0 - 2). Let x = 18 - d. What are the prime factors of x?
2
Let d(p) = -p**2 - 5*p**3 - 3 + 4*p**3 + 4 + 2*p + 0*p**3. Suppose -4*b - j - j - 2 = 0, b + 4*j = 17. What are the prime factors of d(b)?
13
Let w = 40 + -40. Suppose w = 3*u + 2*m - m - 257, -249 = -3*u + 3*m. List the prime factors of u.
5, 17
Suppose -4*b = -2*x - 168, -4*b - 4 + 8 = 0. List the prime factors of (x/(-5))/((-2)/(-10)).
2, 41
Let m(q) = q**2 + q - 63. Wha